{"id":2,"date":"2018-11-29T19:27:51","date_gmt":"2018-11-29T18:27:51","guid":{"rendered":"http:\/\/lechristophe.com\/?page_id=2"},"modified":"2020-06-18T14:07:39","modified_gmt":"2020-06-18T18:07:39","slug":"page-d-exemple","status":"publish","type":"page","link":"https:\/\/lechristophe.com\/","title":{"rendered":"Page d&rsquo;acceuil"},"content":{"rendered":"\n<div class=\"bannieregrise\">\n<div class=\"borduregrise\">\n<div class=\"column\">\n<img loading=\"lazy\" decoding=\"async\" width=\"55\" height=\"55\" src=\"http:\/\/lechristophe.com\/wp-content\/uploads\/2018\/11\/39582fA05A012D-5D1A-DA15-56FD-8D9481EB40EA.png\"><br \/>\n<strong>EMPLACEMENT ID\u00c9AL<\/strong><br \/>\n\u00e0 proximit\u00e9 du quartier DIX30<\/div>\n<div class=\"column\">\n<img loading=\"lazy\" decoding=\"async\" width=\"55\" height=\"55\" src=\"http:\/\/lechristophe.com\/wp-content\/uploads\/2018\/11\/39582f5691399B-23BF-C7A3-F82F-078C2495A53A.png\"><br \/>\n<strong>SAUVEZ DU TEMPS<\/strong><br \/>\n\u00e0 18 minutes de Montr\u00e9al en autobus<\/div>\n<div class=\"column\">\n<img loading=\"lazy\" decoding=\"async\" width=\"55\" height=\"55\" src=\"http:\/\/lechristophe.com\/wp-content\/uploads\/2018\/11\/39582f93FC8406-39BE-0849-1690-28AE222D291F.png\"><br \/>\n<strong>CONCEPT UNIQUE<\/strong><br \/>\nun am\u00e9nagement pratique et convivial<\/div>\n<\/div>\n<\/div>\n<div style=\"width: 70vw; width-max: 80vw; text-align: center; margin-left: auto; margin-right: auto; font-family: Arial; font-size: 50px;\">LE CHRISTOPHE<\/div>\n<div style=\"width: 70vw; width-max: 70vw; text-align: center; margin-left: auto; margin-right: auto; font-family: Arial; font-size: 30px;\">deux adresses&#8230; une nouvelle vie<\/div>\n<div style=\"width: 69vw; width-max: 69vw; text-align: justify; margin-left: auto; margin-right: auto; font-family: Verdana; font-size: 15px;\">\n<p>Vous d\u00e9sirez vivre \u00e0 proximit\u00e9 de Montr\u00e9al tout en voyageant avec facilit\u00e9 ? Vous r\u00eavez d&rsquo;un cadre naturel, o\u00f9 tranquillit\u00e9 et s\u00e9r\u00e9nit\u00e9 s\u2019imposent ? Le Christophe, deux immeuble locatifs sur six \u00e9tages chacun, avec ascenseur, vous offre la possibilit\u00e9 d\u2019habiter au secteur C de Brossard \u00e0 deux pas du stationnement incitatif Chevrier, adjacent \u00e0 un parc de jeux pour enfants, des pistes cyclables \u00e0 quelques minutes du quartier DIX30. Plusieurs diff\u00e9rents mod\u00e8les d\u2019appartements lofts, 3 1\/2 et 4 1\/1 pour combler vos besoins en grandeur et en am\u00e9nagement. Une salle d\u2019exercices dans chaque immeuble, un syst\u00e8me de cam\u00e9ra de surveillance, une chute \u00e0 d\u00e9chets, acc\u00e8s aux immeubles avec une puce ou une carte et une piscine ext\u00e9rieur sont \u00e0 votre disposition pour vous d\u00e9tendre et garder la forme !<\/p>\n<p>Le loyer inclut l\u2019air climatis\u00e9 au 4600. Des places de stationnement int\u00e9rieur sont disponibles aux deux niveaux de garage. Venez nous visiter vous serez charm\u00e9s !<\/p>\n<\/div>\n<div class=\"bannierevert\">\n<div class=\"columnvert1\">\n<p><span class=\"Style1\">le 4600<\/span><br \/>\n<a id=\"le-4600\"><\/a><br \/>\n4600 Colomb, Brossard<br \/>\n(Qu\u00e9bec) J4Z 0J6<\/p>\n<div style=\"font-size: 20px;\">APPELEZ MAINTENANT POUR UNE VISITE<br \/>\n514-233-3743<\/div>\n<\/div>\n<div class=\"columnvert2\">\n<p><span class=\"Style3\" style=\"padding-top: 7%; padding-left: 3%;\">logement et services disponibles<\/span><\/p>\n<p><img loading=\"lazy\" decoding=\"async\" width=\"95\" height=\"95\" class=\"alignnone size-full wp-image-72\" alt=\"\" src=\"http:\/\/lechristophe.com\/wp-content\/uploads\/2018\/11\/39582fE51CF34E-BBD9-C00C-0EFD-727A8F3A1336.png\"> <img loading=\"lazy\" decoding=\"async\" width=\"95\" height=\"95\" class=\"alignnone size-full wp-image-73\" alt=\"\" src=\"http:\/\/lechristophe.com\/wp-content\/uploads\/2018\/11\/39582f0D5904B4-6AC0-C464-BE5F-9FA8CD46B3D4.png\"> <img loading=\"lazy\" decoding=\"async\" width=\"95\" height=\"95\" class=\"alignnone size-full wp-image-74\" alt=\"\" src=\"http:\/\/lechristophe.com\/wp-content\/uploads\/2018\/11\/39582f3DC38D26-ACE1-BA94-ED46-ADFFB86D0B63.png\"> <img loading=\"lazy\" decoding=\"async\" width=\"95\" height=\"95\" class=\"alignnone size-full wp-image-75\" alt=\"\" src=\"http:\/\/lechristophe.com\/wp-content\/uploads\/2018\/11\/39582fCB2A6877-2E45-1536-46D7-44AFA73316CA.png\"> <img loading=\"lazy\" decoding=\"async\" width=\"95\" height=\"95\" class=\"alignnone size-full wp-image-76\" alt=\"\" src=\"http:\/\/lechristophe.com\/wp-content\/uploads\/2018\/11\/39582fA3EF4737-F5E3-9FBA-2A5C-0D68348FEFC4.png\"> <img loading=\"lazy\" decoding=\"async\" width=\"95\" height=\"95\" class=\"alignnone size-full wp-image-77\" alt=\"\" src=\"http:\/\/lechristophe.com\/wp-content\/uploads\/2018\/11\/39582f795A6DA2-07BE-B797-FC68-54B04B69815C.png\"><\/p>\n<p><span class=\"Style2\">Id\u00e9als pour jeunes couples, familles ou simplement le confort du luxe en banlieu. \u00c9galement pour le jeune professionnel en vous. La tranquilit\u00e9 d\u2019esprit \u00e0 deux pas du Quartier DIX30.<\/span><\/p>\n<\/div>\n<\/div>\n\n<div class=\"banniereorange\">\n<div class=\"columnorange1\">\n<p><span class=\"Style3\" style=\"padding-top: 7%; padding-left: 3%;\">logement et services disponibles<\/span><\/p>\n<p><img loading=\"lazy\" decoding=\"async\" width=\"95\" height=\"95\" class=\"alignnone size-full wp-image-73\" alt=\"\" src=\"http:\/\/lechristophe.com\/wp-content\/uploads\/2018\/11\/39582f0D5904B4-6AC0-C464-BE5F-9FA8CD46B3D4.png\"><img loading=\"lazy\" decoding=\"async\" width=\"95\" height=\"95\" class=\"alignnone size-full wp-image-74\" alt=\"\" src=\"http:\/\/lechristophe.com\/wp-content\/uploads\/2018\/11\/39582f3DC38D26-ACE1-BA94-ED46-ADFFB86D0B63.png\"><img loading=\"lazy\" decoding=\"async\" width=\"95\" height=\"95\" class=\"alignnone size-full wp-image-75\" alt=\"\" src=\"http:\/\/lechristophe.com\/wp-content\/uploads\/2018\/11\/39582fCB2A6877-2E45-1536-46D7-44AFA73316CA.png\"><img loading=\"lazy\" decoding=\"async\" width=\"95\" height=\"95\" class=\"alignnone size-full wp-image-76\" alt=\"\" src=\"http:\/\/lechristophe.com\/wp-content\/uploads\/2018\/11\/39582fA3EF4737-F5E3-9FBA-2A5C-0D68348FEFC4.png\"><img loading=\"lazy\" decoding=\"async\" width=\"95\" height=\"95\" class=\"alignnone size-full wp-image-77\" alt=\"\" src=\"http:\/\/lechristophe.com\/wp-content\/uploads\/2018\/11\/39582f795A6DA2-07BE-B797-FC68-54B04B69815C.png\"><\/p>\n<p><span class=\"Style2\">Id\u00e9als pour jeunes couples, familles ou simplement le confort du luxe en banlieu. \u00c9galement pour le jeune professionnel en vous. La tranquilit\u00e9 d\u2019esprit \u00e0 deux pas du Quartier DIX30.<\/span><\/p>\n<\/div>\n<div class=\"columnorange2\">\n<span class=\"Style1\">le 5000<\/span><br \/>\n<a id=\"le-5000\"><\/a><br \/>\n5000 Colomb, Brossard<br \/>\n(Qu\u00e9bec) J4Z 3W6<\/p>\n<div style=\"font-size: 20px;\">APPELEZ MAINTENANT POUR UNE VISITE<br \/>\n514-233-3743<\/div>\n<\/div>\n<\/div>\n\n<div style=\"width: 48vw; width-max: 48vw; text-align: center; margin-left: auto; margin-right: auto; font: Verdana; font-size: 14px;\">\n<div style=\"font-size: 25px;\">COORDONN\u00c9ES<\/div>\n<p>Au coeur du secteur C, Brossard, jouxt\u00e9 \u00e0 un magnifique parc \u00e0 une minute \u00e0 pied du Terminus Chevrier<\/p>\n<p>LE CHRISTOPHE<br \/>\n4600\/5000 Colomb, Brossard<br \/>\n(Qu\u00e9bec) J4Z 3W6<br \/>\nT 514.233.3743\u200b<\/p>\n<p><iframe loading=\"lazy\" src=\"https:\/\/www.google.com\/maps\/embed?pb=!1m18!1m12!1m3!1d2353.4060272185147!2d-73.43863668898103!3d45.45595925728871!2m3!1f0!2f0!3f0!3m2!1i1024!2i768!4f13.1!3m3!1m2!1s0x4cc90f5f2fdd1347%3A0xabccb9740ece553b!2s5000+Avenue+Colomb%2C+Brossard%2C+QC+J4Z+3W6!5e0!3m2!1sfr!2sca!4v1544467707124\" width=\"1024\" height=\"550\" frameborder=\"0\" style=\"border:0\" allowfullscreen=\"\"><\/iframe><\/p>\n<\/div>\n<div style=\"width: 40vw; width-max: 40vw; text-align: center; margin-left: auto; margin-right: auto; font: Verdana;\"><noscript class=\"ninja-forms-noscript-message\">\n\tRemarque\u00a0: JavaScript est requis pour ce contenu.<\/noscript>\n<div id=\"nf-form-1-cont\" class=\"nf-form-cont\" aria-live=\"polite\" aria-labelledby=\"nf-form-title-1\" aria-describedby=\"nf-form-errors-1\" role=\"form\">\n\n    <div class=\"nf-loading-spinner\"><\/div>\n\n<\/div>\n        <!-- That data is being printed as a workaround to page builders reordering the order of the scripts loaded-->\n        <script>var formDisplay=1;var nfForms=nfForms||[];var form=[];form.id='1';form.settings={\"objectType\":\"Form Setting\",\"editActive\":true,\"title\":\"Contactez-nous !\",\"key\":\"\",\"created_at\":\"2018-12-05 16:15:34\",\"default_label_pos\":\"above\",\"conditions\":[],\"show_title\":\"1\",\"clear_complete\":\"1\",\"hide_complete\":\"1\",\"wrapper_class\":\"\",\"element_class\":\"\",\"add_submit\":\"1\",\"logged_in\":\"\",\"not_logged_in_msg\":\"\",\"sub_limit_number\":\"\",\"sub_limit_msg\":\"\",\"calculations\":[],\"formContentData\":[\"nom_complet_1544039867855\",\"email\",\"message\",\"telephone_1544116236839\",\"envoyer_1544039887680\"],\"container_styles_background-color\":\"\",\"container_styles_border\":\"\",\"container_styles_border-style\":\"\",\"container_styles_border-color\":\"\",\"container_styles_color\":\"\",\"container_styles_height\":\"\",\"container_styles_width\":\"\",\"container_styles_font-size\":\"\",\"container_styles_margin\":\"\",\"container_styles_padding\":\"\",\"container_styles_display\":\"\",\"container_styles_float\":\"\",\"container_styles_show_advanced_css\":\"0\",\"container_styles_advanced\":\"\",\"title_styles_background-color\":\"\",\"title_styles_border\":\"\",\"title_styles_border-style\":\"\",\"title_styles_border-color\":\"\",\"title_styles_color\":\"\",\"title_styles_height\":\"\",\"title_styles_width\":\"\",\"title_styles_font-size\":\"\",\"title_styles_margin\":\"\",\"title_styles_padding\":\"\",\"title_styles_display\":\"\",\"title_styles_float\":\"\",\"title_styles_show_advanced_css\":\"0\",\"title_styles_advanced\":\"\",\"row_styles_background-color\":\"\",\"row_styles_border\":\"\",\"row_styles_border-style\":\"\",\"row_styles_border-color\":\"\",\"row_styles_color\":\"\",\"row_styles_height\":\"\",\"row_styles_width\":\"\",\"row_styles_font-size\":\"\",\"row_styles_margin\":\"\",\"row_styles_padding\":\"\",\"row_styles_display\":\"\",\"row_styles_show_advanced_css\":\"0\",\"row_styles_advanced\":\"\",\"row-odd_styles_background-color\":\"\",\"row-odd_styles_border\":\"\",\"row-odd_styles_border-style\":\"\",\"row-odd_styles_border-color\":\"\",\"row-odd_styles_color\":\"\",\"row-odd_styles_height\":\"\",\"row-odd_styles_width\":\"\",\"row-odd_styles_font-size\":\"\",\"row-odd_styles_margin\":\"\",\"row-odd_styles_padding\":\"\",\"row-odd_styles_display\":\"\",\"row-odd_styles_show_advanced_css\":\"0\",\"row-odd_styles_advanced\":\"\",\"success-msg_styles_background-color\":\"\",\"success-msg_styles_border\":\"\",\"success-msg_styles_border-style\":\"\",\"success-msg_styles_border-color\":\"\",\"success-msg_styles_color\":\"\",\"success-msg_styles_height\":\"\",\"success-msg_styles_width\":\"\",\"success-msg_styles_font-size\":\"\",\"success-msg_styles_margin\":\"\",\"success-msg_styles_padding\":\"\",\"success-msg_styles_display\":\"\",\"success-msg_styles_show_advanced_css\":\"0\",\"success-msg_styles_advanced\":\"\",\"error_msg_styles_background-color\":\"\",\"error_msg_styles_border\":\"\",\"error_msg_styles_border-style\":\"\",\"error_msg_styles_border-color\":\"\",\"error_msg_styles_color\":\"\",\"error_msg_styles_height\":\"\",\"error_msg_styles_width\":\"\",\"error_msg_styles_font-size\":\"\",\"error_msg_styles_margin\":\"\",\"error_msg_styles_padding\":\"\",\"error_msg_styles_display\":\"\",\"error_msg_styles_show_advanced_css\":\"0\",\"error_msg_styles_advanced\":\"\",\"changeEmailErrorMsg\":\"Veuillez saisir une adresse de messagerie valide. Ex\\u00a0: jean.dupont@gmail.com\",\"changeDateErrorMsg\":\"Veuillez saisir une date valide\\u00a0!\",\"confirmFieldErrorMsg\":\"Ces champs doivent correspondre\\u00a0!\",\"fieldNumberNumMinError\":\"Erreur de nombre min.\",\"fieldNumberNumMaxError\":\"Erreur de nombre max.\",\"fieldNumberIncrementBy\":\"Veuillez incr\\u00e9menter par \",\"formErrorsCorrectErrors\":\"Veuillez corriger les erreurs avant d\\u2019envoyer ce formulaire.\",\"validateRequiredField\":\"Ce champ est obligatoire.\",\"honeypotHoneypotError\":\"Erreur Honeypot\",\"fieldsMarkedRequired\":\"Les champs marqu\\u00e9s d\\u2019un <span class=\\\"ninja-forms-req-symbol\\\">*<\\\/span> sont obligatoires\",\"currency\":\"\",\"unique_field_error\":\"A form with this value has already been submitted.\",\"drawerDisabled\":false,\"allow_public_link\":0,\"embed_form\":\"\",\"form_title_heading_level\":\"3\",\"ninjaForms\":\"Ninja Forms\",\"fieldTextareaRTEInsertLink\":\"Ins\\u00e9rer un lien\",\"fieldTextareaRTEInsertMedia\":\"Ins\\u00e9rer un m\\u00e9dia\",\"fieldTextareaRTESelectAFile\":\"S\\u00e9lectionnez un fichier\",\"tableInsertRowAbove\":\"Insert Row Above\",\"tableInsertRowBelow\":\"Insert Row Below\",\"tableInsertColumnLeft\":\"Insert Column Left\",\"tableInsertColumnRight\":\"Insert Column Right\",\"tableDeleteRow\":\"Delete Row\",\"tableDeleteColumn\":\"Delete Column\",\"tableDeleteTable\":\"Delete Table\",\"tableLegacyNotice\":\"This content has tables in the old editor format. Custom styles are preserved until converted. Editing will update to the new format.\",\"tableLegacyConvert\":\"Convert Now\",\"tableInsertTable\":\"Insert Table\",\"dismiss\":\"Ignorer\",\"insertLink\":\"Ins\\u00e9rer un lien\",\"formHoneypot\":\"Si vous \\u00eates un \\u00eatre humain et que vous voyez ce champ, veuillez le laisser vide.\",\"fileUploadOldCodeFileUploadInProgress\":\"T\\u00e9l\\u00e9versement du fichier en cours.\",\"fileUploadOldCodeFileUpload\":\"T\\u00c9L\\u00c9VERSEMENT DE FICHIER\",\"currencySymbol\":\"&#36;\",\"thousands_sep\":\"\\u00a0\",\"decimal_point\":\",\",\"siteLocale\":\"fr_FR\",\"dateFormat\":\"m\\\/d\\\/Y\",\"startOfWeek\":\"1\",\"of\":\"sur\",\"previousMonth\":\"Mois pr\\u00e9c\\u00e9dent\",\"nextMonth\":\"Mois suivant\",\"months\":[\"Janvier\",\"F\\u00e9vrier\",\"Mars\",\"Avril\",\"Mai\",\"Juin\",\"Juillet\",\"Ao\\u00fbt\",\"Septembre\",\"Octobre\",\"Novembre\",\"D\\u00e9cembre\"],\"monthsShort\":[\"Jan\",\"F\\u00e9v\",\"Mar\",\"Avr\",\"Mai\",\"Juin\",\"Juil\",\"Ao\\u00fb\",\"Sep\",\"Oct\",\"Nov\",\"D\\u00e9c\"],\"weekdays\":[\"Dimanche\",\"Lundi\",\"Mardi\",\"Mercredi\",\"Jeudi\",\"Vendredi\",\"Samedi\"],\"weekdaysShort\":[\"Dim\",\"Lun\",\"Mar\",\"Mer\",\"Jeu\",\"Ven\",\"Sam\"],\"weekdaysMin\":[\"Di\",\"Lu\",\"Ma\",\"Me\",\"Je\",\"Ve\",\"Sa\"],\"recaptchaConsentMissing\":\"reCaptcha validation couldn&#039;t load.\",\"recaptchaMissingCookie\":\"reCaptcha v3 validation couldn&#039;t load the cookie needed to submit the form.\",\"recaptchaConsentEvent\":\"Accept reCaptcha cookies before sending the form.\",\"currency_symbol\":\"\",\"beforeForm\":\"\",\"beforeFields\":\"\",\"afterFields\":\"\",\"afterForm\":\"\"};form.fields=[{\"objectType\":\"Field\",\"objectDomain\":\"fields\",\"editActive\":false,\"order\":1,\"idAttribute\":\"id\",\"label\":\"Nom complet\",\"key\":\"nom_complet_1544039867855\",\"type\":\"textbox\",\"created_at\":\"2018-12-05 16:15:34\",\"label_pos\":\"above\",\"required\":1,\"placeholder\":\"\",\"default\":\"\",\"wrapper_class\":\"\",\"element_class\":\"\",\"container_class\":\"\",\"input_limit\":\"\",\"input_limit_type\":\"characters\",\"input_limit_msg\":\"Character(s) left\",\"manual_key\":\"\",\"disable_input\":\"\",\"admin_label\":\"\",\"help_text\":\"\",\"desc_text\":\"\",\"disable_browser_autocomplete\":\"\",\"mask\":\"\",\"custom_mask\":\"\",\"wrap_styles_background-color\":\"\",\"wrap_styles_border\":\"\",\"wrap_styles_border-style\":\"\",\"wrap_styles_border-color\":\"\",\"wrap_styles_color\":\"\",\"wrap_styles_height\":\"\",\"wrap_styles_width\":\"\",\"wrap_styles_font-size\":\"\",\"wrap_styles_margin\":\"\",\"wrap_styles_padding\":\"\",\"wrap_styles_display\":\"\",\"wrap_styles_float\":\"\",\"wrap_styles_show_advanced_css\":0,\"wrap_styles_advanced\":\"\",\"label_styles_background-color\":\"\",\"label_styles_border\":\"\",\"label_styles_border-style\":\"\",\"label_styles_border-color\":\"\",\"label_styles_color\":\"\",\"label_styles_height\":\"\",\"label_styles_width\":\"\",\"label_styles_font-size\":\"\",\"label_styles_margin\":\"\",\"label_styles_padding\":\"\",\"label_styles_display\":\"\",\"label_styles_float\":\"\",\"label_styles_show_advanced_css\":0,\"label_styles_advanced\":\"\",\"element_styles_background-color\":\"\",\"element_styles_border\":\"\",\"element_styles_border-style\":\"\",\"element_styles_border-color\":\"\",\"element_styles_color\":\"\",\"element_styles_height\":\"\",\"element_styles_width\":\"\",\"element_styles_font-size\":\"\",\"element_styles_margin\":\"\",\"element_styles_padding\":\"\",\"element_styles_display\":\"\",\"element_styles_float\":\"\",\"element_styles_show_advanced_css\":0,\"element_styles_advanced\":\"\",\"cellcid\":\"c3277\",\"custom_name_attribute\":\"\",\"personally_identifiable\":\"\",\"drawerDisabled\":false,\"value\":\"\",\"id\":1,\"beforeField\":\"\",\"afterField\":\"\",\"parentType\":\"textbox\",\"element_templates\":[\"textbox\",\"input\"],\"old_classname\":\"\",\"wrap_template\":\"wrap\"},{\"objectType\":\"Field\",\"objectDomain\":\"fields\",\"editActive\":false,\"order\":2,\"idAttribute\":\"id\",\"label\":\"Email\",\"key\":\"email\",\"type\":\"email\",\"created_at\":\"2018-12-05 16:15:34\",\"label_pos\":\"above\",\"required\":1,\"placeholder\":\"\",\"default\":\"\",\"wrapper_class\":\"\",\"element_class\":\"\",\"container_class\":\"\",\"admin_label\":\"\",\"help_text\":\"\",\"desc_text\":\"\",\"wrap_styles_background-color\":\"\",\"wrap_styles_border\":\"\",\"wrap_styles_border-style\":\"\",\"wrap_styles_border-color\":\"\",\"wrap_styles_color\":\"\",\"wrap_styles_height\":\"\",\"wrap_styles_width\":\"\",\"wrap_styles_font-size\":\"\",\"wrap_styles_margin\":\"\",\"wrap_styles_padding\":\"\",\"wrap_styles_display\":\"\",\"wrap_styles_float\":\"\",\"wrap_styles_show_advanced_css\":0,\"wrap_styles_advanced\":\"\",\"label_styles_background-color\":\"\",\"label_styles_border\":\"\",\"label_styles_border-style\":\"\",\"label_styles_border-color\":\"\",\"label_styles_color\":\"\",\"label_styles_height\":\"\",\"label_styles_width\":\"\",\"label_styles_font-size\":\"\",\"label_styles_margin\":\"\",\"label_styles_padding\":\"\",\"label_styles_display\":\"\",\"label_styles_float\":\"\",\"label_styles_show_advanced_css\":0,\"label_styles_advanced\":\"\",\"element_styles_background-color\":\"\",\"element_styles_border\":\"\",\"element_styles_border-style\":\"\",\"element_styles_border-color\":\"\",\"element_styles_color\":\"\",\"element_styles_height\":\"\",\"element_styles_width\":\"\",\"element_styles_font-size\":\"\",\"element_styles_margin\":\"\",\"element_styles_padding\":\"\",\"element_styles_display\":\"\",\"element_styles_float\":\"\",\"element_styles_show_advanced_css\":0,\"element_styles_advanced\":\"\",\"cellcid\":\"c3281\",\"custom_name_attribute\":\"email\",\"personally_identifiable\":1,\"value\":\"\",\"id\":2,\"beforeField\":\"\",\"afterField\":\"\",\"parentType\":\"email\",\"element_templates\":[\"email\",\"input\"],\"old_classname\":\"\",\"wrap_template\":\"wrap\"},{\"objectType\":\"Field\",\"objectDomain\":\"fields\",\"editActive\":false,\"order\":3,\"idAttribute\":\"id\",\"label\":\"Message\",\"key\":\"message\",\"type\":\"textarea\",\"created_at\":\"2018-12-05 16:15:34\",\"label_pos\":\"above\",\"required\":1,\"placeholder\":\"\",\"default\":\"\",\"wrapper_class\":\"\",\"element_class\":\"\",\"container_class\":\"\",\"input_limit\":\"\",\"input_limit_type\":\"characters\",\"input_limit_msg\":\"Character(s) left\",\"manual_key\":\"\",\"disable_input\":\"\",\"admin_label\":\"\",\"help_text\":\"\",\"desc_text\":\"\",\"disable_browser_autocomplete\":\"\",\"textarea_rte\":\"\",\"disable_rte_mobile\":\"\",\"textarea_media\":\"\",\"wrap_styles_background-color\":\"\",\"wrap_styles_border\":\"\",\"wrap_styles_border-style\":\"\",\"wrap_styles_border-color\":\"\",\"wrap_styles_color\":\"\",\"wrap_styles_height\":\"\",\"wrap_styles_width\":\"\",\"wrap_styles_font-size\":\"\",\"wrap_styles_margin\":\"\",\"wrap_styles_padding\":\"\",\"wrap_styles_display\":\"\",\"wrap_styles_float\":\"\",\"wrap_styles_show_advanced_css\":0,\"wrap_styles_advanced\":\"\",\"label_styles_background-color\":\"\",\"label_styles_border\":\"\",\"label_styles_border-style\":\"\",\"label_styles_border-color\":\"\",\"label_styles_color\":\"\",\"label_styles_height\":\"\",\"label_styles_width\":\"\",\"label_styles_font-size\":\"\",\"label_styles_margin\":\"\",\"label_styles_padding\":\"\",\"label_styles_display\":\"\",\"label_styles_float\":\"\",\"label_styles_show_advanced_css\":0,\"label_styles_advanced\":\"\",\"element_styles_background-color\":\"\",\"element_styles_border\":\"\",\"element_styles_border-style\":\"\",\"element_styles_border-color\":\"\",\"element_styles_color\":\"\",\"element_styles_height\":\"\",\"element_styles_width\":\"\",\"element_styles_font-size\":\"\",\"element_styles_margin\":\"\",\"element_styles_padding\":\"\",\"element_styles_display\":\"\",\"element_styles_float\":\"\",\"element_styles_show_advanced_css\":0,\"element_styles_advanced\":\"\",\"cellcid\":\"c3284\",\"drawerDisabled\":false,\"value\":\"\",\"id\":3,\"beforeField\":\"\",\"afterField\":\"\",\"parentType\":\"textarea\",\"element_templates\":[\"textarea\",\"input\"],\"old_classname\":\"\",\"wrap_template\":\"wrap\"},{\"objectType\":\"Field\",\"objectDomain\":\"fields\",\"editActive\":false,\"order\":4,\"idAttribute\":\"id\",\"type\":\"phone\",\"label\":\"T\\u00e9l\\u00e9phone\",\"key\":\"telephone_1544116236839\",\"label_pos\":\"above\",\"required\":1,\"default\":\"\",\"placeholder\":\"\",\"container_class\":\"\",\"element_class\":\"\",\"input_limit\":\"\",\"input_limit_type\":\"characters\",\"input_limit_msg\":\"Caract\\u00e8res restants\",\"manual_key\":false,\"admin_label\":\"\",\"help_text\":\"\",\"mask\":\"\",\"custom_mask\":\"\",\"custom_name_attribute\":\"phone\",\"personally_identifiable\":1,\"drawerDisabled\":false,\"value\":\"\",\"id\":6,\"beforeField\":\"\",\"afterField\":\"\",\"parentType\":\"textbox\",\"element_templates\":[\"tel\",\"textbox\",\"input\"],\"old_classname\":\"\",\"wrap_template\":\"wrap\"},{\"objectType\":\"Field\",\"objectDomain\":\"fields\",\"editActive\":false,\"order\":6,\"idAttribute\":\"id\",\"label\":\"Envoyer\",\"key\":\"envoyer_1544039887680\",\"type\":\"submit\",\"created_at\":\"2018-12-05 16:15:34\",\"processing_label\":\"En traitement..\",\"container_class\":\"\",\"element_class\":\"\",\"wrap_styles_background-color\":\"\",\"wrap_styles_border\":\"\",\"wrap_styles_border-style\":\"\",\"wrap_styles_border-color\":\"\",\"wrap_styles_color\":\"\",\"wrap_styles_height\":\"\",\"wrap_styles_width\":\"\",\"wrap_styles_font-size\":\"\",\"wrap_styles_margin\":\"\",\"wrap_styles_padding\":\"\",\"wrap_styles_display\":\"\",\"wrap_styles_float\":\"\",\"wrap_styles_show_advanced_css\":0,\"wrap_styles_advanced\":\"\",\"label_styles_background-color\":\"\",\"label_styles_border\":\"\",\"label_styles_border-style\":\"\",\"label_styles_border-color\":\"\",\"label_styles_color\":\"\",\"label_styles_height\":\"\",\"label_styles_width\":\"\",\"label_styles_font-size\":\"\",\"label_styles_margin\":\"\",\"label_styles_padding\":\"\",\"label_styles_display\":\"\",\"label_styles_float\":\"\",\"label_styles_show_advanced_css\":0,\"label_styles_advanced\":\"\",\"element_styles_background-color\":\"\",\"element_styles_border\":\"\",\"element_styles_border-style\":\"\",\"element_styles_border-color\":\"\",\"element_styles_color\":\"\",\"element_styles_height\":\"\",\"element_styles_width\":\"\",\"element_styles_font-size\":\"\",\"element_styles_margin\":\"\",\"element_styles_padding\":\"\",\"element_styles_display\":\"\",\"element_styles_float\":\"\",\"element_styles_show_advanced_css\":0,\"element_styles_advanced\":\"\",\"submit_element_hover_styles_background-color\":\"\",\"submit_element_hover_styles_border\":\"\",\"submit_element_hover_styles_border-style\":\"\",\"submit_element_hover_styles_border-color\":\"\",\"submit_element_hover_styles_color\":\"\",\"submit_element_hover_styles_height\":\"\",\"submit_element_hover_styles_width\":\"\",\"submit_element_hover_styles_font-size\":\"\",\"submit_element_hover_styles_margin\":\"\",\"submit_element_hover_styles_padding\":\"\",\"submit_element_hover_styles_display\":\"\",\"submit_element_hover_styles_float\":\"\",\"submit_element_hover_styles_show_advanced_css\":0,\"submit_element_hover_styles_advanced\":\"\",\"cellcid\":\"c3287\",\"drawerDisabled\":false,\"admin_label\":\"\",\"id\":4,\"beforeField\":\"\",\"afterField\":\"\",\"value\":\"\",\"label_pos\":\"above\",\"parentType\":\"textbox\",\"element_templates\":[\"submit\",\"button\",\"input\"],\"old_classname\":\"\",\"wrap_template\":\"wrap-no-label\"},{\"objectType\":\"Field\",\"objectDomain\":\"fields\",\"editActive\":false,\"order\":\"6.0\",\"type\":\"recaptcha_v3\",\"label\":\"Hidden\",\"key\":\"recaptcha_v3\",\"default\":\"\",\"admin_label\":\"\",\"drawerDisabled\":false,\"id\":\"46862\",\"beforeField\":\"\",\"afterField\":\"\",\"value\":\"\",\"label_pos\":\"above\",\"parentType\":\"hidden\",\"element_templates\":[\"recaptcha-v3\",\"hidden\",\"input\"],\"old_classname\":\"\",\"wrap_template\":\"wrap-no-label\",\"site_key\":\"6LfR2PoqAAAAAFIjzTK_N8rl4IVSngg8HvQshWhU\"}];nfForms.push(form);<\/script>\n        <\/div>\n<a id=\"nous-joindre\"><\/a>\n","protected":false},"excerpt":{"rendered":"<p>EMPLACEMENT ID\u00c9AL \u00e0 proximit\u00e9 du quartier DIX30 SAUVEZ DU TEMPS \u00e0 18 minutes de Montr\u00e9al en autobus CONCEPT UNIQUE un am\u00e9nagement pratique et convivial LE CHRISTOPHE deux adresses&#8230; une nouvelle vie Vous d\u00e9sirez vivre \u00e0 proximit\u00e9 de Montr\u00e9al tout en voyageant avec facilit\u00e9 ? Vous r\u00eavez d&rsquo;un cadre naturel, o\u00f9 tranquillit\u00e9 et s\u00e9r\u00e9nit\u00e9 s\u2019imposent ?&hellip;&nbsp;<a href=\"https:\/\/lechristophe.com\/\" rel=\"bookmark\">Lire la suite &raquo;<span class=\"screen-reader-text\">Page d&rsquo;acceuil<\/span><\/a><\/p>\n","protected":false},"author":1,"featured_media":0,"parent":0,"menu_order":0,"comment_status":"closed","ping_status":"open","template":"page-templates\/template-pagebuilder-full-width.php","meta":{"neve_meta_sidebar":"full-width","neve_meta_container":"full-width","neve_meta_enable_content_width":"off","neve_meta_content_width":50,"neve_meta_title_alignment":"","neve_meta_author_avatar":"","neve_post_elements_order":"","neve_meta_disable_header":"","neve_meta_disable_footer":"","neve_meta_disable_title":"","footnotes":""},"class_list":["post-2","page","type-page","status-publish","hentry"],"_links":{"self":[{"href":"https:\/\/lechristophe.com\/index.php?rest_route=\/wp\/v2\/pages\/2","targetHints":{"allow":["GET"]}}],"collection":[{"href":"https:\/\/lechristophe.com\/index.php?rest_route=\/wp\/v2\/pages"}],"about":[{"href":"https:\/\/lechristophe.com\/index.php?rest_route=\/wp\/v2\/types\/page"}],"author":[{"embeddable":true,"href":"https:\/\/lechristophe.com\/index.php?rest_route=\/wp\/v2\/users\/1"}],"replies":[{"embeddable":true,"href":"https:\/\/lechristophe.com\/index.php?rest_route=%2Fwp%2Fv2%2Fcomments&post=2"}],"version-history":[{"count":206,"href":"https:\/\/lechristophe.com\/index.php?rest_route=\/wp\/v2\/pages\/2\/revisions"}],"predecessor-version":[{"id":2133,"href":"https:\/\/lechristophe.com\/index.php?rest_route=\/wp\/v2\/pages\/2\/revisions\/2133"}],"wp:attachment":[{"href":"https:\/\/lechristophe.com\/index.php?rest_route=%2Fwp%2Fv2%2Fmedia&parent=2"}],"curies":[{"name":"wp","href":"https:\/\/api.w.org\/{rel}","templated":true}]}}